n base 7, what is -51 + -24145?
-24226
In base 8, what is 322625 + 5?
322632
In base 3, what is -2000020120112 + 10?
-2000020120102
In base 13, what is -c54 + -3?
-c57
In base 6, what is 100153321 + -2?
100153315
In base 9, what is 2814553 - 3?
2814550
In base 11, what is 2792 - 307?
2486
In base 12, what is -10 - 190a0?
-190b0
In base 12, what is 71 - 22892?
-22821
In base 8, what is 166 - -606?
774
In base 5, what is 3 - -124323123?
124323131
In base 15, what is -299b - 3a?
-29d6
In base 4, what is 320312 + 10?
320322
In base 10, what is 35 - 4808?
-4773
In base 7, what is -10000 + -41?
-10041
In base 15, what is 313 + -1?
312
In base 12, what is 3 - 486047?
-486044
In base 8, what is 20706 - 3?
20703
In base 12, what is 3679 + -33a?
333b
In base 12, what is 22a436 - 4?
22a432
In base 7, what is 3 - -1643143?
1643146
In base 13, what is -6 - -10404?
103cb
In base 6, what is 35205041 + -4?
35205033
In base 2, what is 110001 - -11100111100?
11101101101
In base 10, what is -87684 - -2?
-87682
In base 12, what is -3636 + 16?
-3620
In base 14, what is -50a + 92?
-458
In base 3, what is -11010211221 + 12?
-11010211202
In base 5, what is 2 + -11321041?
-11321034
In base 3, what is 10 - -1210201220?
1210202000
In base 7, what is 1664142 - -2?
1664144
In base 6, what is 204345 + -23?
204322
In base 3, what is 2010221 - 2?
2010212
In base 9, what is 5 + -127475?
-127470
In base 11, what is -7 - -176?
16a
In base 8, what is -2061044 - -6?
-2061036
In base 2, what is 1011010111110101 - -100101?
1011011000011010
In base 2, what is -1 + 111110111100011010010?
111110111100011010001
In base 11, what is -1403 - 37?
-143a
In base 3, what is -11 - -101001012?
101001001
In base 4, what is 20220 - -2?
20222
In base 16, what is 4a15 + 6?
4a1b
In base 13, what is -2 - 1a7c?
-1a81
In base 11, what is -295 + -388?
-672
In base 8, what is -746710 + -6?
-746716
In base 3, what is -1110201210 + 200?
-1110201010
In base 14, what is -2 + -3c0c9?
-3c0cb
In base 6, what is 5 + 145345?
145354
In base 7, what is -36 - 1243?
-1312
In base 11, what is 17 - -460?
477
In base 14, what is -3931 + -27?
-3958
In base 12, what is -5066 + 31?
-5035
In base 9, what is -17 + 6434?
6416
In base 10, what is 15028 + -24?
15004
In base 5, what is -303243 + -23?
-303321
In base 7, what is -12 - -54206?
54164
In base 16, what is 1 - 2cf39?
-2cf38
In base 6, what is 4410522 - 1?
4410521
In base 16, what is -38fe - 2?
-3900
In base 3, what is 2010111100102 - 12?
2010111100020
In base 6, what is -14 - -21523?
21505
In base 10, what is -20 + 11283?
11263
In base 5, what is -442220 + 1?
-442214
In base 7, what is 1246055 - -10?
1246065
In base 9, what is 2 + 144628?
144631
In base 12, what is -3 + -16876?
-16879
In base 7, what is 0 + 201614?
201614
In base 9, what is -115800 + -5?
-115805
In base 13, what is -13 - -106b?
1058
In base 2, what is 100000 + 1101100111?
1110000111
In base 10, what is 1230 - 1325?
-95
In base 10, what is 17603 + 2?
17605
In base 15, what is 1032b + 4?
10330
In base 16, what is a + 61cf?
61d9
In base 4, what is -22 + -2031032?
-2031120
In base 10, what is -432015 + -7?
-432022
In base 4, what is -13 + -2321023121?
-2321023200
In base 4, what is 3 - -12023113?
12023122
In base 15, what is -94 - 3bd?
-462
In base 15, what is 3 + b6e?
b72
In base 13, what is 20 - 1cbb5?
-1cb95
In base 7, what is -1 + 2306?
2305
In base 13, what is 9243 - -13?
9256
In base 9, what is 3 + -1351313?
-1351310
In base 11, what is -a8 + 13082?
12a85
In base 2, what is 1110000 - 101101001010100?
-101100111100100
In base 12, what is ab8132 + -2?
ab8130
In base 4, what is 22330202 + 10?
22330212
In base 14, what is 161 - -179?
2da
In base 6, what is -3 + -3050532?
-3050535
In base 12, what is -273 - -5?
-26a
In base 14, what is -20 + -19b5?
-19d5
In base 11, what is 37339 + 9?
37347
In base 11, what is 15 + -7aa?
-795
In base 9, what is 84735 - -7?
84743
In base 7, what is 161 + 42006?
42200
In base 5, what is -1 + -3122200?
-3122201
In base 15, what is 0 - -5c16?
5c16
In base 10, what is 50656 + -7?
50649
In base 2, what is 100101001011011 + 11?
100101001011110
In base 8, what is 1406 + -56?
1330
In base 15, what is -4 + 3007?
3003
In base 16, what is -d - 448?
-455
In base 4, what is -30333 - 1?
-31000
In base 11, what is -180 + -165?
-335
In base 15, what is 4 - c3564?
-c3560
In base 16, what is -113e + 4?
-113a
In base 7, what is 413 + 62415?
63131
In base 12, what is -5 + 636055?
636050
In base 4, what is 30 + -210023332?
-210023302
In base 4, what is -2 + 10203023?
10203021
In base 5, what is -1331 + 130432?
124101
In base 16, what is 12e - -1e56?
1f84
In base 5, what is -12411022 + -2?
-12411024
In base 5, what is 122 + -140?
-13
In base 8, what is -2 - 52367?
-52371
In base 4, what is -11231010 + -1?
-11231011
In base 16, what is 9 - -3f4?
3fd
In base 4, what is 3202213 - -3?
3202222
In base 2, what is -11001000101101010 + -1?
-11001000101101011
In base 9, what is -8 + -12267?
-12276
In base 10, what is 19 + 42730?
42749
In base 10, what is 10578 - -4?
10582
In base 14, what is -385 - c?
-393
In base 7, what is 5 - 1252152?
-1252144
In base 2, what is -110010 - 1000100?
-1110110
In base 15, what is 16e1 + 1bd?
18ae
In base 10, what is 10 + -5286?
-5276
In base 16, what is -7 - -cdd?
cd6
In base 9, what is -1051 - 38?
-1100
In base 8, what is -132401 + 16?
-132363
In base 7, what is -5 - -45004?
44666
In base 16, what is 4965 + -4?
4961
In base 12, what is -1 - 306601?
-306602
In base 3, what is -11021220 + 11121?
-11010022
In base 6, what is -10 - 3315530?
-3315540
In base 9, what is -1422 + -1103?
-2525
In base 11, what is 5 + 3821?
3826
In base 16, what is -4 - 114e7?
-114eb
In base 10, what is 793 - -529?
1322
In base 12, what is -37376 + 4?
-37372
In base 4, what is 1103303 - -12?
1103321
In base 10, what is 3 - 69114?
-69111
In base 16, what is -847 - 53?
-89a
In base 14, what is 1 + -1174c?
-1174b
In base 2, what is -101 - 11010000111010?
-11010000111111
In base 16, what is -487 + 3?
-484
In base 13, what is -12 - -2548?
2536
In base 15, what is -7 + -eeb?
-1003
In base 9, what is -122467 - -3?
-122464
In base 16, what is 5 + -cb92?
-cb8d
In base 7, what is -5 - 34?
-42
In base 8, what is -4026 + -1?
-4027
In base 11, what is 2515 + 12?
2527
In base 9, what is 0 + 33375?
33375
In base 15, what is -696 + -6?
-69c
In base 8, what is 366056 + 1?
366057
In base 9, what is 1 - -1172602?
1172603
In base 2, what is -10000001 - 10001101?
-100001110
In base 13, what is -28ab + -2?
-28b0
In base 3, what is -1100 - 121121?
-122221
In base 5, what is 3 + 131341?
131344
In base 15, what is -36 + -751?
-787
In base 16, what is 3c6 + 11?
3d7
In base 10, what is -7189 + 8?
-7181
In base 5, what is 23000 + -22223?
222
In base 11, what is 1 - -7976?
7977
In base 13, what is 382c4 + -5?
382bc
In base 10, what is -3 - 27040?
-27043
In base 16, what is -18 + -101b?
-1033
In base 6, what is -3130 + 22?
-3104
In base 15, what is -7069de + -4?
-7069e3
In base 3, what is -1001111 - 212001?
-1220112
In base 2, what is 10 + 1110000011000101011?
1110000011000101101
In base 11, what is 16855 + -30?
16825
In base 12, what is -67 - -5636?
558b
In base 16, what is c39 + 3?
c3c
In base 6, what is 2020 + 1010?
3030
In base 9, what is 0 + -7318?
-7318
In base 6, what is 2302450 - 5?
2302441
In base 2, what is -10010001011011 + -1100?
-10010001100111
In base 8, what is -652065 + -23?
-652110
In base 16, what is -6a2 - 22?
-6c4
In base 2, what is -1 - 1111100001000?
-1111100001001
In base 11, what is 5 + -18726?
-18721
In base 3, what is 12001120 + 1020220?
20022110
In base 15, what is -2 - -e292?
e290
In base 4, what is -333330 - -1213?
-332111
In base 3, what is -1001 + -1210022?
-1211100
In base 11, what is -30 + 58?
28
In base 2, what is 0 - 1000101000010?
-1000101000010
In base 10, what is 742198 + 1?
742199
In base 13, what is 2 - 295c6?
-295c4
In base 13, what is -4 - -a9144?
a9140
In base 5, what is 222410 - 11403?
211002
In base 10, what is 4 - -850?
854
In base 11, what is 1 + -129180?
-12917a
In base 15, what is 15 - 1d2a?
-1d15
In base 9, what is 11106554 + -3?
11106551
In base 11, what is 43 - 1596?
-1553
In base 4, what is -23 - 31102130?
-31102213
In base 10, what is -39415 + 12?
-39403
In base 14, w